 Suppose 5*p - 4*u + 1 = 0, 2*u + 4 - 2 = f. What are the prime factors of (-3*(-2)/(-3))/p?
2
Let i be (-2)/((-3 + 1)/34). Suppose 0 = -5*y + i + 66. List the prime factors of y.
2, 5
Suppose t = -t + 2. Let b be (-1 - -2) + 14 + t. Suppose 2*z - 3 - 1 = -m, -4*m - 4*z + b = 0. What are the prime factors of m?
2
Let b(d) = d**3 - 4*d**2 - 8*d + 5. Let s be b(5). Let q(a) = 3*a - 1. Let v be q(3). What are the prime factors of (s/8)/((-2)/v)?
5
Let n(b) = -b**2 + 5*b + 7. List the prime factors of n(5).
7
Suppose 18 = n + 54. Let z = n - -75. What are the prime factors of z?
3, 13
Let d be (-2)/11 - 6870/(-33). Suppose 4*t - d = -4*p, -p - t - 4*t + 72 = 0. Let y = p - 32. List the prime factors of y.
3, 5
Suppose -3*s - l + 14 = 0, s - 3*s + 4*l = 14. Suppose 216 = 4*t - 5*a, 2*a = t + s*a - 45. What are the prime factors of t?
7
Let u(b) = -b**2 - 1. Let y(r) = -3*r**2 - r - 2. Let w(m) = 2*u(m) - y(m). List the prime factors of w(4).
2, 5
Let b = 11 - 18. List the prime factors of 750/70 + (-2)/b.
11
Let k(l) = -l + 1. Let u be k(1). Suppose u*c - 36 = -4*h + 2*c, -3*h + 18 = 3*c. What are the prime factors of h?
2
Suppose -2*b + 256 = 2*b - 2*h, -4*b + 256 = -h. Suppose 3*n - 17 = b. List the prime factors of n.
3
Let h(y) = y**3 + 7*y**2 + 4*y + 9. Let p be h(-6). Suppose 0 = -5*b + p + 99. List the prime factors of b.
2, 3
Suppose -2*i + 3*c + 8 + 10 = 0, 5*c - 14 = -4*i. Suppose 2*z - 2*h - 5 - 17 = 0, -2*z = 2*h - 14. List the prime factors of 1 + 3*i/z.
3
Let n = 32 + -59. Let r = -14 - n. List the prime factors of r.
13
What are the prime factors of (-8)/(-36) + 1970/45?
2, 11
Suppose -6 + 22 = -q. Let k = q + 34. What are the prime factors of k?
2, 3
Let b = 4 + 21. List the prime factors of b.
5
Suppose 0 = -q + 1 + 1. Suppose -q*r + 7*r = 15. Suppose 3*k = 4*b - 29, r*k + 10 = -b - 2*k. What are the prime factors of b?
5
Let b be (1 + 1)/2*-5. Let q(n) = 6*n**2 + 5*n**3 - 3 - 4*n**3 + 0*n**3 + 4*n. What are the prime factors of q(b)?
2
Suppose 5*h = -5 - 0. Let p be (-1)/h - (1 - 14). Suppose 5*r - 16 = p. What are the prime factors of r?
2, 3
Let q(d) = 9*d**2 - 5*d + 18. List the prime factors of q(3).
2, 3, 7
Let c be 2/10 - (-45)/25. What are the prime factors of ((-14)/(-6))/(c/12)?
2, 7
Let p = -4 - 0. Let c = p - -6. Suppose i - c - 8 = 0. What are the prime factors of i?
2, 5
Suppose 0 = -3*s - s. Let x = 3 + s. List the prime factors of x.
3
Let a(s) = s**3 + 13*s**2 + 3. Let b be a(-13). Suppose 2*q = 6*q + 5*x - 29, q - 6 = -x. List the prime factors of (4 + 0)*b - q.
11
Let u(s) = s**3 - 6*s**2 + 3*s + 6. Let h be u(5). Let p(o) = -o**3 - 4*o**2 - 4*o + 2. Let t be p(h). Suppose 3 = 3*r - t. List the prime factors of r.
7
Let d be (8 + -2)*4/(-4). Let x(o) = -2*o - 8. Let h be x(d). Suppose 2*b - t + 0*t = 43, 5*b - h*t - 112 = 0. List the prime factors of b.
2, 5
Let b(l) = 5*l**2 - 2*l**3 + 4*l**3 - l**2 - 3*l**3 - l. Let n(t) = -t + 7. Let s be n(4). What are the prime factors of b(s)?
2, 3
Let t be 6/2*(0 + 4). List the prime factors of t/30 - 83/(-5).
17
Suppose 5*s = -0*s + 5*t, t = 3. Suppose -s*w + 8*w - 45 = 0. List the prime factors of w.
3
Let z(j) = -j**3 - j**2 - j - 3. Let g be z(0). Let o be -12 - (g + 1 + 0). Let k = 27 + o. List the prime factors of k.
17
Let o = -18 - -9. Let i be 26/6 - 6/o. Suppose i*s = d + 11, d + 4*d - 2*s = 37. What are the prime factors of d?
3
Suppose -4*m = -m - 30. Suppose -w - h + m = 0, 2*h - 7 + 23 = w. Let y = 1 + w. What are the prime factors of y?
13
Suppose 1563 + 1451 = 11*z. List the prime factors of z.
2, 137
Let b be (4 + -4)/(-4 - -3). Suppose 37 = 2*n + 5*w, b*w + w = 5*n - 25. What are the prime factors of n?
2, 3
Suppose -4*r - 108 = -0. Let l be 4/(-6)*r/2. Suppose 0 = -x + 2*x - l. List the prime factors of x.
3
Let j be (-1)/((-2)/(-28)) + -1. What are the prime factors of j/(1 - (-4)/(-2))?
3, 5
Let o(y) = -y**2 - 5*y + 11. Let g(j) = -j + 2. Let p(s) = 34*g(s) - 6*o(s). What are the prime factors of p(2)?
2, 3
Let q = 9 - 68. Let j = -28 - q. What are the prime factors of j?
31
Let x(y) be the first derivative of 3*y**2/2 - 3*y - 2. What are the prime factors of x(5)?
2, 3
Suppose 5*r = -0*r + 15. What are the prime factors of (18/(-15))/(r/(-105))?
2, 3, 7
Suppose 2*a + 5*g - 165 = -3*a, -a - 2*g = -36. What are the prime factors of a?
2, 3, 5
Suppose -16 = 5*n - 4*f + 1, -5*n - f - 2 = 0. Let v be ((-4)/n)/(2 - 0). Suppose 0 = -v*z + 12 - 0. What are the prime factors of z?
2, 3
Let h(r) = r**2 - 5*r. Let c be h(4). Let d be (-2019)/(-27) + c/(-18). Suppose 5*v - d = -3*w + 40, -w = -5. What are the prime factors of v?
2, 5
Let l = 0 + 90. What are the prime factors of l?
2, 3, 5
Let g(t) = 4*t - 2. Let k = 13 - 6. Let w = k + -4. What are the prime factors of g(w)?
2, 5
Suppose -2*z = 5 - 15. Let y = z - 3. Suppose 5*w = 4*h - 11, y*h + 0*w = 5*w - 7. What are the prime factors of h?
3
Suppose -3*p - 12*p = -3975. List the prime factors of p.
5, 53
Let d = -10 + 16. What are the prime factors of d?
2, 3
Suppose 2*v = -5*b + 27, -3*b + 3 = 5*v - 17. Let o = v + -3. Let s(h) = -4*h + 2. List the prime factors of s(o).
2, 5
Let c(i) = 13*i**2 - i - 5. List the prime factors of c(3).
109
Let z be 0/(2 - 3) - -60. Let g = z + -20. List the prime factors of g.
2, 5
Let q(g) = -g**2 + 8*g - 8. Let b be q(6). Let s = b + 0. Suppose 18 = s*y - 6. What are the prime factors of y?
2, 3
Suppose -3*n + 19 = 1. What are the prime factors of n?
2, 3
Let i be -1*1*(-6 - -1). Let v = i + -2. Suppose 3*q = v*t + 4*q - 17, -4*t + 36 = 4*q. What are the prime factors of t?
2
Let r = -18 + 33. What are the prime factors of (38/(-3))/((-10)/r)?
19
Let j(r) = -r**2 + 16. Suppose -3*m - m = -3*d + 9, -5*m - 12 = -4*d. List the prime factors of j(m).
2
Suppose 0 = -5*r + 3*v - 54 - 33, 0 = -r - 2*v - 20. List the prime factors of (-24)/r + (-4)/(-6).
2
Let n = 10 - 16. Let v(g) = -10*g + 1. Let y be v(1). What are the prime factors of (2 - y/n)*6?
3
Suppose 0 = -8*x + 224 + 48. List the prime factors of x.
2, 17
Let s be 1 + 21 + 2/(-2). Suppose -3*v + s = 3*y, -4*y + 5*v + 18 = 4*v. List the prime factors of y.
5
Suppose 0 = v - 3*o - 45, o - 2*o - 95 = -3*v. What are the prime factors of v?
2, 3, 5
Suppose 86 = -7*h + 912. List the prime factors of h.
2, 59
Let o(n) = -4*n**3 + 2*n + 5*n**2 + 0*n**3 + 2*n**3 + 3*n**3 - 3. Let u be o(-4). Suppose 0*v = -4*i - u*v + 80, -3*v - 18 = -2*i. List the prime factors of i.
3, 5
Let v be 84/(-10) + 3/(-5). Let q(c) = -c**2 - 11*c - 13. Let o be q(v). Suppose o*k = k + 52. What are the prime factors of k?
13
Suppose -4*b = -12, f + 29 = b + 83. Let v be 2/1 - (-1 - f). Suppose 2*m - 4*j = -0*m, -5*j + v = 5*m. What are the prime factors of m?
2
Let b be (-2)/(-3) - (-18)/(-27). Suppose b = -u + o + 12, -4*o + 3*o - 44 = -3*u. List the prime factors of u.
2
Let f = 6 + 12. List the prime factors of f.
2, 3
Let l(z) be the third derivative of -1/24*z**4 + 0*z - 1/3*z**3 - z**2 + 0. What are the prime factors of l(-7)?
5
Suppose 5*l = -3*p + l + 593, 202 = p - 3*l. What are the prime factors of p?
199
Let k be (-4)/(-22) - 140/(-77). Suppose b + k*b = 33. List the prime factors of b.
11
Let u be (-4)/(-3)*(-12)/(-8). Suppose -u*l + 11 = 5*w, -4*l - 13 = -4*w + 7. What are the prime factors of (-2 - 1)*-1 - l?
5
Suppose 2*h - 3*h = -3*a + 10, 0 = -h - 4. Suppose -a*o = -o - 9. List the prime factors of o.
3
Let p be (-1)/(-2) + (-15)/(-6). Suppose y + p*m + m - 20 = 0, 13 = y - 3*m. What are the prime factors of y?
2
Suppose 4*n - 6*n - 24 = 0. Let l(a) = a**2 + 10*a - 13. What are the prime factors of l(n)?
11
Suppose -5*a = -4*j + 13, 2*j + 9 = 7*j + a. Suppose -6 = l + j*l. List the prime factors of 54/4 - l/4.
2, 7
Suppose -2*q = -3*q + 32. What are the prime factors of q?
2
Let k(c) = -c**3 - 6*c**2 + 6*c - 5. Suppose 4*f = 5*p + 27, -4*p + 6*f = 2*f + 20. List the prime factors of k(p).
2
Let w be (19/3)/((-2)/6). Let x = w + 32. Suppose x = 3*u - 11. List the prime factors of u.
2
Let u be ((-4)/(-6))/(8/(-84)). Let k = -37 - u. Let w = -21 - k. List the prime factors of w.
3
Let j(o) = o**3 + 10*o**2 + 20*o + 9. List the prime factors of j(-7).
2
Suppose -4*z + 89 = -127. List the prime factors of z.
2, 3
What are the prime fa